--

TRUNCATE `ads_banner`;
TRUNCATE `ads_event_video`;
TRUNCATE `ads_played`;
TRUNCATE `audio`;
TRUNCATE `audio_categories`;
TRUNCATE `audio_markers`;
TRUNCATE `audio_player_config`;
TRUNCATE `chat`;
TRUNCATE `clan`;
TRUNCATE `clan_levels_modifiers`;
TRUNCATE `clan_members`;
TRUNCATE `config`;
TRUNCATE `config_types`;
TRUNCATE `drops_animations`;
TRUNCATE `features`;
TRUNCATE `items_inventory`;
TRUNCATE `locale`;
TRUNCATE `objects`;
TRUNCATE `objects_animations`;
TRUNCATE `objects_assets`;
TRUNCATE `objects_items_inventory`;
TRUNCATE `objects_items_requirements`;
TRUNCATE `objects_items_rewards`;
TRUNCATE `objects_skills`;
TRUNCATE `objects_stats`;
TRUNCATE `players`;
TRUNCATE `players_state`;
TRUNCATE `players_stats`;
TRUNCATE `respawn`;
TRUNCATE `rewards`;
TRUNCATE `rewards_modifiers`;
TRUNCATE `rewards_events`;
TRUNCATE `rewards_events_state`;
TRUNCATE `rooms`;
TRUNCATE `rooms_change_points`;
TRUNCATE `rooms_return_points`;
TRUNCATE `skills_class_level_up_animations`;
TRUNCATE `skills_class_path_level_labels`;
TRUNCATE `skills_class_path_level_skills`;
TRUNCATE `skills_groups`;
TRUNCATE `skills_levels_modifiers_conditions`;
TRUNCATE `skills_levels_set`;
TRUNCATE `skills_owners_class_path`;
TRUNCATE `skills_skill_attack`;
TRUNCATE `skills_skill_group_relation`;
TRUNCATE `skills_skill_owner_effects_conditions`;
TRUNCATE `skills_skill_physical_data`;
TRUNCATE `skills_skill_target_effects_conditions`;
TRUNCATE `snippets`;
TRUNCATE `target_options`;
TRUNCATE `users_locale`;

REPLACE INTO `ads_banner` (`id`, `ads_id`, `banner_data`) VALUES
	(1, 3, '{"fullTime": true}'),
	(2, 4, '{"uiReferenceIds":["box-open-clan","equipment-open","inventory-open","player-stats-open"]}');

REPLACE INTO `ads_event_video` (`id`, `ads_id`, `event_key`, `event_data`) VALUES
	(1, 5, 'activatedRoom_ReldensTown', '{"rewardItemKey":"coins","rewardItemQty":1}'),
	(2, 6, 'activatedRoom_ReldensForest', '{"rewardItemKey":"coins","rewardItemQty":1}');

REPLACE INTO `audio` (`id`, `audio_key`, `files_name`, `config`, `room_id`, `category_id`, `enabled`) VALUES
	(3, 'footstep', 'footstep.mp3', '{"onlyCurrentPlayer":true}', NULL, 3, 1),
	(4, 'reldens-town', 'reldens-town.mp3', '', 4, 1, 1);

REPLACE INTO `audio_categories` (`id`, `category_key`, `category_label`, `enabled`, `single_audio`) VALUES
	(1, 'music', 'Music', 1, 1),
	(3, 'sound', 'Sound', 1, 0);

REPLACE INTO `audio_markers` (`id`, `audio_id`, `marker_key`, `start`, `duration`, `config`) VALUES
	(1, 4, 'ReldensTown', 0, 41, NULL),
	(2, 3, 'journeyman_right', 0, 1, NULL),
	(3, 3, 'journeyman_left', 0, 1, NULL),
	(4, 3, 'journeyman_up', 0, 1, NULL),
	(5, 3, 'journeyman_down', 0, 1, NULL),
	(6, 3, 'r_journeyman_right', 0, 1, NULL),
	(7, 3, 'r_journeyman_left', 0, 1, NULL),
	(8, 3, 'r_journeyman_up', 0, 1, NULL),
	(9, 3, 'r_journeyman_down', 0, 1, NULL),
	(10, 3, 'sorcerer_right', 0, 1, NULL),
	(11, 3, 'sorcerer_left', 0, 1, NULL),
	(12, 3, 'sorcerer_up', 0, 1, NULL),
	(13, 3, 'sorcerer_down', 0, 1, NULL),
	(14, 3, 'r_sorcerer_right', 0, 1, NULL),
	(15, 3, 'r_sorcerer_left', 0, 1, NULL),
	(16, 3, 'r_sorcerer_up', 0, 1, NULL),
	(17, 3, 'r_sorcerer_down', 0, 1, NULL),
	(18, 3, 'warlock_right', 0, 1, NULL),
	(19, 3, 'warlock_left', 0, 1, NULL),
	(20, 3, 'warlock_up', 0, 1, NULL),
	(21, 3, 'warlock_down', 0, 1, NULL),
	(22, 3, 'r_warlock_right', 0, 1, NULL),
	(23, 3, 'r_warlock_left', 0, 1, NULL),
	(24, 3, 'r_warlock_up', 0, 1, NULL),
	(25, 3, 'r_warlock_down', 0, 1, NULL),
	(26, 3, 'swordsman_right', 0, 1, NULL),
	(27, 3, 'swordsman_left', 0, 1, NULL),
	(28, 3, 'swordsman_up', 0, 1, NULL),
	(29, 3, 'swordsman_down', 0, 1, NULL),
	(30, 3, 'r_swordsman_right', 0, 1, NULL),
	(31, 3, 'r_swordsman_left', 0, 1, NULL),
	(32, 3, 'r_swordsman_up', 0, 1, NULL),
	(33, 3, 'r_swordsman_down', 0, 1, NULL),
	(34, 3, 'warrior_right', 0, 1, NULL),
	(35, 3, 'warrior_left', 0, 1, NULL),
	(36, 3, 'warrior_up', 0, 1, NULL),
	(37, 3, 'warrior_down', 0, 1, NULL),
	(38, 3, 'r_warrior_right', 0, 1, NULL),
	(39, 3, 'r_warrior_left', 0, 1, NULL),
	(40, 3, 'r_warrior_up', 0, 1, NULL),
	(41, 3, 'r_warrior_down', 0, 1, NULL);

REPLACE INTO `config_types` (`id`, `label`) VALUES
    (1, 'string'),
    (2, 'float'),
    (3, 'boolean'),
    (4, 'json'),
    (5, 'comma_separated');

REPLACE INTO `config` (`id`, `scope`, `path`, `value`, `type`) VALUES
	(1, 'client', 'actions/damage/color', '#ff0000', 1),
	(2, 'client', 'actions/damage/duration', '600', 2),
	(3, 'client', 'actions/damage/enabled', '1', 3),
	(4, 'client', 'actions/damage/font', 'Verdana, Geneva, sans-serif', 1),
	(5, 'client', 'actions/damage/fontSize', '14', 2),
	(6, 'client', 'actions/damage/shadowColor', 'rgba(0,0,0,0.7)', 1),
	(7, 'client', 'actions/damage/showAll', '0', 3),
	(8, 'client', 'actions/damage/stroke', '#000000', 1),
	(9, 'client', 'actions/damage/strokeThickness', '4', 2),
	(10, 'client', 'actions/damage/top', '50', 2),
	(11, 'client', 'actions/skills/affectedProperty', 'hp', 1),
	(12, 'client', 'ads/general/providers/crazyGames/enabled', '0', 3),
	(13, 'client', 'ads/general/providers/crazyGames/sdkUrl', 'https://sdk.crazygames.com/crazygames-sdk-v2.js', 1),
	(14, 'client', 'ads/general/providers/crazyGames/videoMinimumDuration', '3000', 2),
	(15, 'client', 'ads/general/providers/gameMonetize/enabled', '0', 3),
	(16, 'client', 'ads/general/providers/gameMonetize/gameId', 'your-game-id-should-be-here', 1),
	(17, 'client', 'ads/general/providers/gameMonetize/sdkUrl', 'https://api.gamemonetize.com/sdk.js', 1),
	(18, 'client', 'chat/messages/characterLimit', '100', 2),
	(19, 'client', 'chat/messages/characterLimitOverhead', '30', 2),
	(20, 'client', 'clan/general/openInvites', '0', 3),
	(21, 'client', 'clan/labels/clanTitle', 'Clan: %clanName - Leader: %leaderName', 1),
	(22, 'client', 'clan/labels/propertyMaxValue', '/ %propertyMaxValue', 1),
	(23, 'client', 'clan/labels/requestFromTitle', 'Clan request from:', 1),
	(24, 'client', 'gameEngine/banner', '0', 3),
	(25, 'client', 'gameEngine/dom/createContainer', '1', 3),
	(26, 'client', 'gameEngine/parent', 'reldens', 1),
	(27, 'client', 'gameEngine/physics/arcade/debug', 'false', 3),
	(28, 'client', 'gameEngine/physics/arcade/gravity/x', '0', 2),
	(29, 'client', 'gameEngine/physics/arcade/gravity/y', '0', 2),
	(30, 'client', 'gameEngine/physics/default', 'arcade', 1),
	(31, 'client', 'gameEngine/scale/autoCenter', '1', 3),
	(32, 'client', 'gameEngine/scale/height', '720', 2),
	(33, 'client', 'gameEngine/scale/min/height', '360', 2),
	(34, 'client', 'gameEngine/scale/min/width', '360', 2),
	(35, 'client', 'gameEngine/scale/mode', '3', 2),
	(36, 'client', 'gameEngine/scale/parent', 'reldens', 1),
	(37, 'client', 'gameEngine/scale/width', '1280', 2),
	(38, 'client', 'gameEngine/type', '0', 2),
	(39, 'client', 'general/animations/frameRate', '10', 2),
	(40, 'client', 'general/assets/arrowDownPath', '/assets/sprites/arrow-down.png', 1),
	(41, 'client', 'general/assets/statsIconPath', '/assets/icons/book.png', 1),
	(42, 'client', 'general/controls/action_button_hold', '0', 3),
	(43, 'client', 'general/controls/allowSimultaneousKeys', '1', 3),
	(44, 'client', 'general/engine/clientInterpolation', '1', 3),
	(45, 'client', 'general/engine/experimentalClientPrediction', '0', 3),
	(46, 'client', 'general/engine/interpolationSpeed', '0.4', 2),
	(47, 'client', 'general/gameEngine/updateGameSizeTimeOut', '500', 2),
	(48, 'client', 'general/users/allowGuest', '1', 3),
	(49, 'client', 'general/users/allowRegistration', '1', 3),
	(50, 'client', 'login/termsAndConditions/body', 'This is our test terms and conditions content.', 1),
	(51, 'client', 'login/termsAndConditions/checkboxLabel', 'Accept terms and conditions', 1),
	(52, 'client', 'login/termsAndConditions/es/body', 'Este es el contenido de nuestros términos y condiciones de prueba.', 1),
	(53, 'client', 'login/termsAndConditions/es/checkboxLabel', 'Aceptar terminos y condiciones', 1),
	(54, 'client', 'login/termsAndConditions/es/heading', 'Términos y condiciones', 1),
	(55, 'client', 'login/termsAndConditions/es/link', 'Acepta nuestros Términos y Condiciones (haz clic aquí).', 1),
	(56, 'client', 'login/termsAndConditions/heading', 'Terms and conditions', 1),
	(57, 'client', 'login/termsAndConditions/link', 'Accept our Terms and Conditions (click here).', 1),
	(58, 'client', 'map/layersDepth/belowPlayer', '0', 2),
	(59, 'client', 'map/layersDepth/changePoints', '0', 2),
	(60, 'client', 'map/tileData/height', '32', 2),
	(61, 'client', 'map/tileData/margin', '1', 2),
	(62, 'client', 'map/tileData/spacing', '2', 2),
	(63, 'client', 'map/tileData/width', '32', 2),
	(64, 'client', 'objects/npc/invalidOptionMessage', 'I do not understand.', 1),
	(65, 'client', 'players/animations/basedOnPress', '1', 3),
	(66, 'client', 'players/animations/collideWorldBounds', '1', 3),
	(67, 'client', 'players/animations/defaultFrames/down/end', '2', 2),
	(68, 'client', 'players/animations/defaultFrames/down/start', '0', 2),
	(69, 'client', 'players/animations/defaultFrames/left/end', '5', 2),
	(70, 'client', 'players/animations/defaultFrames/left/start', '3', 2),
	(71, 'client', 'players/animations/defaultFrames/right/end', '8', 2),
	(72, 'client', 'players/animations/defaultFrames/right/start', '6', 2),
	(73, 'client', 'players/animations/defaultFrames/up/end', '11', 2),
	(74, 'client', 'players/animations/defaultFrames/up/start', '9', 2),
	(75, 'client', 'players/animations/diagonalHorizontal', '1', 3),
	(76, 'client', 'players/animations/fadeDuration', '1000', 2),
	(77, 'client', 'players/animations/fallbackImage', 'player-base.png', 1),
	(78, 'client', 'players/multiplePlayers/enabled', '1', 3),
	(79, 'client', 'players/physicalBody/height', '25', 2),
	(80, 'client', 'players/physicalBody/width', '25', 2),
	(81, 'client', 'players/playedTime/label', 'Played time %playedTimeInHs hs', 1),
	(82, 'client', 'players/playedTime/show', '2', 2),
	(83, 'client', 'players/size/height', '71', 2),
	(84, 'client', 'players/size/leftOffset', '0', 2),
	(85, 'client', 'players/size/topOffset', '20', 2),
	(86, 'client', 'players/size/width', '52', 2),
	(87, 'client', 'players/tapMovement/enabled', '1', 3),
	(88, 'client', 'rewards/titles/rewardMessage', 'You obtained %dropQuantity %itemLabel', 1),
	(89, 'client', 'rooms/selection/allowOnLogin', '1', 3),
	(90, 'client', 'rooms/selection/allowOnRegistration', '1', 3),
	(91, 'client', 'rooms/selection/loginAvailableRooms', '*', 1),
	(92, 'client', 'rooms/selection/loginLastLocation', '1', 3),
	(93, 'client', 'rooms/selection/loginLastLocationLabel', 'Last Location', 1),
	(94, 'client', 'rooms/selection/registrationAvailableRooms', '*', 1),
	(95, 'client', 'skills/animations/default_atk', '{"key":"default_atk","animationData":{"enabled":true,"type":"spritesheet","img":"default_atk","frameWidth":64,"frameHeight":64,"start":0,"end":4,"repeat":0}}', 4),
	(96, 'client', 'skills/animations/default_bullet', '{"key":"default_bullet","animationData":{"enabled":true,"type":"spritesheet","img":"default_bullet","frameWidth":64,"frameHeight":64,"start":0,"end":2,"repeat":-1,"frameRate":1}}', 4),
	(97, 'client', 'skills/animations/default_cast', '{"key": "default_cast","animationData":{"enabled":false,"type":"spritesheet","img":"default_cast","frameWidth":64,"frameHeight":64,"start":0,"end":3,"repeat":0}}', 4),
	(98, 'client', 'skills/animations/default_death', '{"key":"default_death","animationData":{"enabled":true,"type":"spritesheet","img":"default_death","frameWidth":64,"frameHeight":64,"start":0,"end":1,"repeat":0,"frameRate":1}}', 4),
	(99, 'client', 'skills/animations/default_hit', '{"key":"default_hit","animationData":{"enabled":true,"type":"spritesheet","img":"default_hit","frameWidth":64,"frameHeight":64,"start":0,"end":3,"repeat":0,"depthByPlayer":"above"}}', 4),
	(100, 'client', 'team/labels/leaderNameTitle', 'Team leader: %leaderName', 1),
	(101, 'client', 'team/labels/propertyMaxValue', '/ %propertyMaxValue', 1),
	(102, 'client', 'team/labels/requestFromTitle', 'Team request from:', 1),
	(103, 'client', 'trade/players/awaitTimeOut', '1', 3),
	(104, 'client', 'trade/players/timeOut', '8000', 2),
	(105, 'client', 'ui/chat/damageMessages', '1', 3),
	(106, 'client', 'ui/chat/defaultOpen', '0', 3),
	(107, 'client', 'ui/chat/dodgeMessages', '1', 3),
	(108, 'client', 'ui/chat/effectMessages', '1', 3),
	(109, 'client', 'ui/chat/enabled', '1', 3),
	(110, 'client', 'ui/chat/notificationBalloon', '1', 3),
	(111, 'client', 'ui/chat/overheadChat/closeChatBoxAfterSend', '1', 3),
	(112, 'client', 'ui/chat/overheadChat/enabled', '0', 3),
	(113, 'client', 'ui/chat/overheadChat/isTyping', '0', 3),
	(114, 'client', 'ui/chat/overheadText/align', 'center', 1),
	(115, 'client', 'ui/chat/overheadText/depth', '200000', 2),
	(116, 'client', 'ui/chat/overheadText/fill', '#ffffff', 1),
	(117, 'client', 'ui/chat/overheadText/fontFamily', 'Verdana, Geneva, sans-serif', 1),
	(118, 'client', 'ui/chat/overheadText/fontSize', '12px', 1),
	(119, 'client', 'ui/chat/overheadText/height', '15', 2),
	(120, 'client', 'ui/chat/overheadText/shadowBlur', '5', 2),
	(121, 'client', 'ui/chat/overheadText/shadowColor', 'rgba(0,0,0,0.7)', 1),
	(122, 'client', 'ui/chat/overheadText/shadowX', '5', 2),
	(123, 'client', 'ui/chat/overheadText/shadowY', '5', 2),
	(124, 'client', 'ui/chat/overheadText/stroke', 'rgba(0,0,0,0.7)', 1),
	(125, 'client', 'ui/chat/overheadText/strokeThickness', '20', 2),
	(126, 'client', 'ui/chat/overheadText/textLength', '4', 2),
	(127, 'client', 'ui/chat/overheadText/timeOut', '5000', 2),
	(128, 'client', 'ui/chat/overheadText/topOffset', '20', 2),
	(129, 'client', 'ui/chat/responsiveX', '100', 2),
	(130, 'client', 'ui/chat/responsiveY', '100', 2),
	(131, 'client', 'ui/chat/showTabs', '1', 3),
	(132, 'client', 'ui/chat/totalValidTypes', '2', 2),
	(133, 'client', 'ui/chat/x', '440', 2),
	(134, 'client', 'ui/chat/y', '940', 2),
	(135, 'client', 'ui/clan/enabled', '1', 3),
	(136, 'client', 'ui/clan/responsiveX', '100', 2),
	(137, 'client', 'ui/clan/responsiveY', '0', 2),
	(138, 'client', 'ui/clan/sharedProperties', '{"hp":{"path":"stats/hp","pathMax":"statsBase/hp","label":"HP"},"mp":{"path":"stats/mp","pathMax":"statsBase/mp","label":"MP"}}', 4),
	(139, 'client', 'ui/clan/x', '430', 2),
	(140, 'client', 'ui/clan/y', '100', 2),
	(141, 'client', 'ui/controls/allowPrimaryTouch', '1', 3),
	(142, 'client', 'ui/controls/defaultActionKey', '', 1),
	(143, 'client', 'ui/controls/disableContextMenu', '1', 3),
	(144, 'client', 'ui/controls/enabled', '1', 3),
	(145, 'client', 'ui/controls/opacityEffect', '1', 3),
	(146, 'client', 'ui/controls/primaryMove', '0', 3),
	(147, 'client', 'ui/controls/responsiveX', '0', 2),
	(148, 'client', 'ui/controls/responsiveY', '100', 2),
	(149, 'client', 'ui/controls/tabTarget', '1', 3),
	(150, 'client', 'ui/controls/x', '120', 2),
	(151, 'client', 'ui/controls/y', '390', 2),
	(152, 'client', 'ui/default/responsiveX', '10', 2),
	(153, 'client', 'ui/default/responsiveY', '10', 2),
	(154, 'client', 'ui/default/x', '120', 2),
	(155, 'client', 'ui/default/y', '100', 2),
	(156, 'client', 'ui/equipment/enabled', '1', 3),
	(157, 'client', 'ui/equipment/responsiveX', '100', 2),
	(158, 'client', 'ui/equipment/responsiveY', '0', 2),
	(159, 'client', 'ui/equipment/x', '430', 2),
	(160, 'client', 'ui/equipment/y', '90', 2),
	(161, 'client', 'ui/instructions/enabled', '1', 3),
	(162, 'client', 'ui/instructions/responsiveX', '100', 2),
	(163, 'client', 'ui/instructions/responsiveY', '100', 2),
	(164, 'client', 'ui/instructions/x', '380', 2),
	(165, 'client', 'ui/instructions/y', '940', 2),
	(166, 'client', 'ui/inventory/enabled', '1', 3),
	(167, 'client', 'ui/inventory/responsiveX', '100', 2),
	(168, 'client', 'ui/inventory/responsiveY', '0', 2),
	(169, 'client', 'ui/inventory/x', '380', 2),
	(170, 'client', 'ui/inventory/y', '450', 2),
	(171, 'client', 'ui/lifeBar/enabled', '1', 3),
	(172, 'client', 'ui/lifeBar/fillStyle', '0xff0000', 1),
	(173, 'client', 'ui/lifeBar/fixedPosition', '0', 3),
	(174, 'client', 'ui/lifeBar/height', '5', 2),
	(175, 'client', 'ui/lifeBar/lineStyle', '0xffffff', 1),
	(176, 'client', 'ui/lifeBar/responsiveX', '1', 2),
	(177, 'client', 'ui/lifeBar/responsiveY', '24', 2),
	(178, 'client', 'ui/lifeBar/showAllPlayers', '0', 3),
	(179, 'client', 'ui/lifeBar/showEnemies', '1', 3),
	(180, 'client', 'ui/lifeBar/showOnClick', '1', 3),
	(181, 'client', 'ui/lifeBar/top', '5', 2),
	(182, 'client', 'ui/lifeBar/width', '50', 2),
	(183, 'client', 'ui/lifeBar/x', '5', 2),
	(184, 'client', 'ui/lifeBar/y', '12', 2),
	(185, 'client', 'ui/loading/assetsColor', '#ffffff', 1),
	(186, 'client', 'ui/loading/assetsSize', '18px', 1),
	(187, 'client', 'ui/loading/font', 'Verdana, Geneva, sans-serif', 1),
	(188, 'client', 'ui/loading/fontSize', '20px', 1),
	(189, 'client', 'ui/loading/loadingColor', '#ffffff', 1),
	(190, 'client', 'ui/loading/percentColor', '#666666', 1),
	(191, 'client', 'ui/loading/showAssets', '1', 3),
	(192, 'client', 'ui/maximum/x', '1280', 2),
	(193, 'client', 'ui/maximum/y', '720', 2),
	(194, 'client', 'ui/minimap/addCircle', '1', 3),
	(195, 'client', 'ui/minimap/camBackgroundColor', 'rgba(0,0,0,0.6)', 1),
	(196, 'client', 'ui/minimap/camX', '240', 2),
	(197, 'client', 'ui/minimap/camY', '10', 2),
	(198, 'client', 'ui/minimap/camZoom', '0.15', 2),
	(199, 'client', 'ui/minimap/circleAlpha', '1', 2),
	(200, 'client', 'ui/minimap/circleColor', 'rgb(0,0,0)', 1),
	(201, 'client', 'ui/minimap/circleFillAlpha', '0', 2),
	(202, 'client', 'ui/minimap/circleFillColor', '1', 2),
	(203, 'client', 'ui/minimap/circleRadio', '80.35', 2),
	(204, 'client', 'ui/minimap/circleStrokeAlpha', '0.6', 2),
	(205, 'client', 'ui/minimap/circleStrokeColor', '0', 2),
	(206, 'client', 'ui/minimap/circleStrokeLineWidth', '6', 2),
	(207, 'client', 'ui/minimap/circleX', '320', 2),
	(208, 'client', 'ui/minimap/circleY', '88', 2),
	(209, 'client', 'ui/minimap/enabled', '1', 3),
	(210, 'client', 'ui/minimap/fixedHeight', '450', 2),
	(211, 'client', 'ui/minimap/fixedWidth', '450', 2),
	(212, 'client', 'ui/minimap/mapHeightDivisor', '1', 2),
	(213, 'client', 'ui/minimap/mapWidthDivisor', '1', 2),
	(214, 'client', 'ui/minimap/responsiveX', '40', 2),
	(215, 'client', 'ui/minimap/responsiveY', '2.4', 2),
	(216, 'client', 'ui/minimap/roundMap', '1', 3),
	(217, 'client', 'ui/minimap/x', '330', 2),
	(218, 'client', 'ui/minimap/y', '10', 2),
	(219, 'client', 'ui/npcDialog/responsiveX', '10', 2),
	(220, 'client', 'ui/npcDialog/responsiveY', '10', 2),
	(221, 'client', 'ui/npcDialog/x', '120', 2),
	(222, 'client', 'ui/npcDialog/y', '100', 2),
	(223, 'client', 'ui/options/acceptOrDecline', '{"1":{"label":"Accept","value":1},"2":{"label":"Decline","value":2}}', 4),
	(224, 'client', 'ui/playerBox/enabled', '1', 3),
	(225, 'client', 'ui/playerBox/responsiveX', '0', 2),
	(226, 'client', 'ui/playerBox/responsiveY', '0', 2),
	(227, 'client', 'ui/playerBox/x', '50', 2),
	(228, 'client', 'ui/playerBox/y', '30', 2),
	(229, 'client', 'ui/players/nameText/align', 'center', 1),
	(230, 'client', 'ui/players/nameText/depth', '200000', 2),
	(231, 'client', 'ui/players/nameText/fill', '#ffffff', 1),
	(232, 'client', 'ui/players/nameText/fontFamily', 'Verdana, Geneva, sans-serif', 1),
	(233, 'client', 'ui/players/nameText/fontSize', '12px', 1),
	(234, 'client', 'ui/players/nameText/height', '-90', 2),
	(235, 'client', 'ui/players/nameText/shadowBlur', '5', 2),
	(236, 'client', 'ui/players/nameText/shadowColor', 'rgba(0,0,0,0.7)', 1),
	(237, 'client', 'ui/players/nameText/shadowX', '5', 2),
	(238, 'client', 'ui/players/nameText/shadowY', '5', 2),
	(239, 'client', 'ui/players/nameText/stroke', '#000000', 1),
	(240, 'client', 'ui/players/nameText/strokeThickness', '4', 2),
	(241, 'client', 'ui/players/nameText/textLength', '4', 2),
	(242, 'client', 'ui/players/showNames', '1', 3),
	(243, 'client', 'ui/playerStats/enabled', '1', 3),
	(244, 'client', 'ui/playerStats/responsiveX', '100', 2),
	(245, 'client', 'ui/playerStats/responsiveY', '0', 2),
	(246, 'client', 'ui/playerStats/x', '430', 2),
	(247, 'client', 'ui/playerStats/y', '20', 2),
	(248, 'client', 'ui/pointer/show', '1', 3),
	(249, 'client', 'ui/pointer/topOffSet', '16', 2),
	(250, 'client', 'ui/rewards/enabled', '1', 3),
	(251, 'client', 'ui/rewards/responsiveX', '100', 2),
	(252, 'client', 'ui/rewards/responsiveY', '0', 2),
	(253, 'client', 'ui/rewards/x', '430', 2),
	(254, 'client', 'ui/rewards/y', '200', 2),
	(255, 'client', 'ui/sceneLabel/enabled', '1', 3),
	(256, 'client', 'ui/sceneLabel/responsiveX', '50', 2),
	(257, 'client', 'ui/sceneLabel/responsiveY', '0', 2),
	(258, 'client', 'ui/sceneLabel/x', '250', 2),
	(259, 'client', 'ui/sceneLabel/y', '20', 2),
	(260, 'client', 'ui/scores/enabled', '1', 3),
	(261, 'client', 'ui/scores/responsiveX', '100', 2),
	(262, 'client', 'ui/scores/responsiveY', '0', 2),
	(263, 'client', 'ui/scores/x', '430', 2),
	(264, 'client', 'ui/scores/y', '150', 2),
	(265, 'client', 'ui/screen/responsive', '1', 3),
	(266, 'client', 'ui/settings/enabled', '1', 3),
	(267, 'client', 'ui/settings/responsiveX', '100', 2),
	(268, 'client', 'ui/settings/responsiveY', '100', 2),
	(269, 'client', 'ui/settings/x', '940', 2),
	(270, 'client', 'ui/settings/y', '280', 2),
	(271, 'client', 'ui/skills/enabled', '1', 3),
	(272, 'client', 'ui/skills/responsiveX', '0', 2),
	(273, 'client', 'ui/skills/responsiveY', '100', 2),
	(274, 'client', 'ui/skills/x', '230', 2),
	(275, 'client', 'ui/skills/y', '390', 2),
	(276, 'client', 'ui/teams/enabled', '1', 3),
	(277, 'client', 'ui/teams/responsiveX', '100', 2),
	(278, 'client', 'ui/teams/responsiveY', '0', 2),
	(279, 'client', 'ui/teams/sharedProperties', '{"hp":{"path":"stats/hp","pathMax":"statsBase/hp","label":"HP"},"mp":{"path":"stats/mp","pathMax":"statsBase/mp","label":"MP"}}', 4),
	(280, 'client', 'ui/teams/x', '430', 2),
	(281, 'client', 'ui/teams/y', '100', 2),
	(282, 'client', 'ui/trade/responsiveX', '5', 2),
	(283, 'client', 'ui/trade/responsiveY', '5', 2),
	(284, 'client', 'ui/trade/x', '5', 2),
	(285, 'client', 'ui/trade/y', '5', 2),
	(286, 'client', 'ui/uiTarget/enabled', '1', 3),
	(287, 'client', 'ui/uiTarget/hideOnDialog', '0', 3),
	(288, 'client', 'ui/uiTarget/responsiveX', '0', 2),
	(289, 'client', 'ui/uiTarget/responsiveY', '0', 2),
	(290, 'client', 'ui/uiTarget/x', '10', 2),
	(291, 'client', 'ui/uiTarget/y', '85', 2),
	(292, 'client', 'world/debug/enabled', '0', 3),
	(293, 'server', 'actions/pvp/battleTimeOff', '20000', 2),
	(294, 'server', 'actions/pvp/timerType', 'bt', 1),
	(295, 'server', 'admin/companyName', 'Reldens - Administration Panel', 1),
	(296, 'server', 'admin/faviconPath', '/assets/web/favicon.ico', 1),
	(297, 'server', 'admin/logoPath', '/assets/web/reldens-your-logo-mage.png', 1),
	(298, 'server', 'admin/roleId', '99', 2),
	(299, 'server', 'admin/stylesPath', '/css/reldens-admin-client.css', 1),
	(300, 'server', 'chat/messages/broadcast_join', '1', 3),
	(301, 'server', 'chat/messages/broadcast_leave', '1', 3),
	(302, 'server', 'chat/messages/global_allowed_roles', '1,9000', 1),
	(303, 'server', 'chat/messages/global_enabled', '1', 3),
	(304, 'server', 'enemies/default/affectedProperty', 'stats/hp', 1),
	(305, 'server', 'enemies/default/skillKey', 'attackShort', 1),
	(306, 'server', 'enemies/initialStats/aim', '50', 2),
	(307, 'server', 'enemies/initialStats/atk', '50', 2),
	(308, 'server', 'enemies/initialStats/def', '50', 2),
	(309, 'server', 'enemies/initialStats/dodge', '50', 2),
	(310, 'server', 'enemies/initialStats/hp', '50', 2),
	(311, 'server', 'enemies/initialStats/mp', '50', 2),
	(312, 'server', 'enemies/initialStats/speed', '50', 2),
	(313, 'server', 'enemies/initialStats/stamina', '50', 2),
	(314, 'server', 'objects/actions/closeInteractionOnOutOfReach', '1', 3),
	(315, 'server', 'objects/actions/interactionsDistance', '140', 2),
	(316, 'server', 'objects/drops/disappearTime', '1800000', 2),
	(317, 'server', 'players/actions/initialClassPathId', '1', 2),
	(318, 'server', 'players/actions/interactionDistance', '40', 2),
	(319, 'server', 'players/drop/percent', '20', 2),
	(320, 'server', 'players/drop/quantity', '2', 2),
	(321, 'server', 'players/gameOver/timeOut', '10000', 2),
	(322, 'server', 'players/guestUser/allowOnRooms', '0', 3),
	(323, 'server', 'players/guestUser/roleId', '2', 2),
	(324, 'server', 'players/initialState/dir', 'down', 1),
	(325, 'server', 'players/initialState/room_id', '4', 2),
	(326, 'server', 'players/initialState/x', '400', 2),
	(327, 'server', 'players/initialState/y', '345', 2),
	(328, 'server', 'players/initialUser/roleId', '1', 2),
	(329, 'server', 'players/initialUser/status', '1', 2),
	(330, 'server', 'players/physicsBody/speed', '180', 2),
	(331, 'server', 'players/physicsBody/usePlayerSpeedConfig', '0', 3),
	(332, 'server', 'players/physicsBody/usePlayerSpeedProperty', '0', 3),
	(333, 'server', 'rewards/actions/disappearTime', '1800000', 2),
	(334, 'server', 'rewards/actions/interactionsDistance', '40', 2),
	(335, 'server', 'rewards/loginReward/enabled', '1', 3),
	(336, 'server', 'rewards/playedTimeReward/enabled', '1', 3),
	(337, 'server', 'rewards/playedTimeReward/time', '30000', 3),
	(338, 'server', 'rooms/validation/enabled', '1', 3),
	(339, 'server', 'rooms/validation/valid', 'room_game,chat_global', 1),
	(340, 'server', 'rooms/world/bulletsStopOnPlayer', '1', 3),
	(341, 'server', 'rooms/world/disableObjectsCollisionsOnChase', '0', 3),
	(342, 'server', 'rooms/world/disableObjectsCollisionsOnReturn', '1', 3),
	(343, 'server', 'rooms/world/groupWallsHorizontally', '1', 3),
	(344, 'server', 'rooms/world/groupWallsVertically', '0', 3),
	(345, 'server', 'rooms/world/movementSpeed', '180', 2),
	(346, 'server', 'rooms/world/onlyWalkable', '1', 3),
	(347, 'server', 'rooms/world/timeStep', '0.04', 2),
	(348, 'server', 'rooms/world/tryClosestPath', '0', 3),
	(349, 'server', 'scores/fullTableView/enabled', '1', 3),
	(350, 'server', 'scores/obtainedScorePerNpc', '5', 2),
	(351, 'server', 'scores/obtainedScorePerPlayer', '10', 2),
	(352, 'server', 'scores/useNpcCustomScore', '1', 3);

REPLACE INTO `features` (`id`, `code`, `title`, `is_enabled`) VALUES
	(1, 'chat', 'Chat', 1),
	(2, 'objects', 'Objects', 1),
	(3, 'respawn', 'Respawn', 1),
	(4, 'inventory', 'Inventory', 1),
	(5, 'firebase', 'Firebase', 1),
	(6, 'actions', 'Actions', 1),
	(7, 'users', 'Users', 1),
	(8, 'audio', 'Audio', 1),
	(9, 'rooms', 'Rooms', 1),
	(10, 'admin', 'Admin', 1),
	(11, 'prediction', 'Prediction', 0),
	(12, 'teams', 'Teams', 1),
	(13, 'rewards', 'Rewards', 1),
	(14, 'snippets', 'Snippets', 1),
	(16, 'ads', 'Ads', 1),
	(17, 'world', 'World', 0),
	(18, 'scores', 'Scores', 1);

REPLACE INTO `locale` (`id`, `locale`, `language_code`, `country_code`, `enabled`) VALUES
	(1, 'en_US', 'en', 'US', 1);

REPLACE INTO `objects` (`id`, `room_id`, `layer_name`, `tile_index`, `class_type`, `object_class_key`, `client_key`, `title`, `private_params`, `client_params`, `enabled`) VALUES
	(1, 4, 'ground-collisions', 444, 2, 'door_1', 'door_house_1', '', '{"runOnHit":true,"roomVisible":true,"yFix":6}', '{"positionFix":{"y":-18},"frameStart":0,"frameEnd":3,"repeat":0,"hideOnComplete":false,"autoStart":false,"restartTime":2000}', 1),
	(2, 8, 'respawn-area-monsters-lvl-1-2', NULL, 7, 'enemy_bot_1', 'enemy_forest_1', 'Tree', '{"shouldRespawn":true,"childObjectType":4,"isAggressive":true}', '{"autoStart":true}', 0),
	(3, 8, 'respawn-area-monsters-lvl-1-2', NULL, 7, 'enemy_bot_2', 'enemy_forest_2', 'Tree Punch', '{"shouldRespawn":true,"childObjectType":4}', '{"autoStart":true}', 0),
	(4, 4, 'ground-collisions', 951, 2, 'door_2', 'door_house_2', '', '{"runOnHit":true,"roomVisible":true,"yFix":6}', '{"positionFix":{"y":-18},"frameStart":0,"frameEnd":3,"repeat":0,"hideOnComplete":false,"autoStart":false,"restartTime":2000}', 1),
	(5, 4, 'house-collisions-over-player', 535, 3, 'npc_1', 'people_town_1', 'Alfred', '{"runOnAction":true,"playerVisible":true}', '{"content":"Hello! My name is Alfred. Go to the forest and kill some monsters! Now... leave me alone!"}', 1),
	(6, 5, 'respawn-area-monsters-lvl-1-2', NULL, 7, 'enemy_1', 'enemy_forest_1', 'Tree', '{"shouldRespawn":true,"childObjectType":4,"isAggressive":true}', '{"autoStart":true}', 1),
	(7, 5, 'respawn-area-monsters-lvl-1-2', NULL, 7, 'enemy_2', 'enemy_forest_2', 'Tree Punch', '{"shouldRespawn":true,"childObjectType":4,"isAggressive":true,"interactionRadio":70}', '{"autoStart":true}', 1),
	(8, 4, 'house-collisions-over-player', 538, 3, 'npc_2', 'healer_1', 'Mamon', '{"runOnAction":true,"playerVisible":true,"sendInvalidOptionMessage":true}', '{"content":"Hello traveler! I can restore your health, would you like me to do it?","options":{"1":{"label":"Heal HP","value":1},"2":{"label":"Nothing...","value":2},"3":{"label":"Need some MP","value":3}},"ui":true}', 1),
	(10, 4, 'house-collisions-over-player', 560, 5, 'npc_3', 'merchant_1', 'Gimly', '{"runOnAction":true,"playerVisible":true,"sendInvalidOptionMessage":true}', '{"content":"Hi there! What would you like to do?","options":{"buy":{"label":"Buy","value":"buy"},"sell":{"label":"Sell","value":"sell"}}}', 1),
	(12, 4, 'house-collisions-over-player', 562, 3, 'npc_4', 'weapons_master_1', 'Barrik', '{"runOnAction":true,"playerVisible":true,"sendInvalidOptionMessage":true}', '{"content":"Hi, I am the weapons master, choose your weapon and go kill some monsters!","options":{"1":{"key":"axe","label":"Axe","value":1,"icon":"axe"},"2":{"key":"spear","label":"Spear","value":2,"icon":"spear"}},"ui":true}', 1),
	(13, 5, 'forest-collisions', 258, 3, 'npc_5', 'quest_npc_1', 'Miles', '{"runOnAction":true,"playerVisible":true,"sendInvalidOptionMessage":true}', '{"content":"Hi there! Do you want a coin? I can give you one if you give me a tree branch.","options":{"1":{"label":"Sure!","value":1},"2":{"label":"No, thank you.","value":2}},"ui":true}', 1),
	(14, 9, 'ground-respawn-area', NULL, 7, 'enemy_bot_b1', 'enemy_forest_1', 'Tree', '{"shouldRespawn":true,"childObjectType":4,"isAggressive":true,"interactionRadio":120}', '{"autoStart":true}', 1),
	(15, 9, 'ground-respawn-area', NULL, 7, 'enemy_bot_b2', 'enemy_forest_2', 'Tree Punch', '{"shouldRespawn":true,"childObjectType":4,"isAggressive":true,"interactionRadio":70}', '{"autoStart":true}', 1);

REPLACE INTO `objects_animations` (`id`, `object_id`, `animationKey`, `animationData`) VALUES
	(5, 6, 'respawn-area-monsters-lvl-1-2_6_right', '{"start":6,"end":8}'),
	(6, 6, 'respawn-area-monsters-lvl-1-2_6_down', '{"start":0,"end":2}'),
	(7, 6, 'respawn-area-monsters-lvl-1-2_6_left', '{"start":3,"end":5}'),
	(8, 6, 'respawn-area-monsters-lvl-1-2_6_up', '{"start":9,"end":11}');

REPLACE INTO `objects_assets` (`object_asset_id`, `object_id`, `asset_type`, `asset_key`, `asset_file`, `extra_params`) VALUES
	(1, 1, 'spritesheet', 'door_house_1', 'door-a-x2.png', '{"frameWidth":32,"frameHeight":58}'),
	(2, 4, 'spritesheet', 'door_house_2', 'door-a-x2.png', '{"frameWidth":32,"frameHeight":58}'),
	(3, 5, 'spritesheet', 'people_town_1', 'people-b-x2.png', '{"frameWidth":52,"frameHeight":71}'),
	(4, 2, 'spritesheet', 'enemy_forest_1', 'monster-treant.png', '{"frameWidth":47,"frameHeight":50}'),
	(5, 6, 'spritesheet', 'enemy_forest_1', 'monster-treant.png', '{"frameWidth":47,"frameHeight":50}'),
	(6, 7, 'spritesheet', 'enemy_forest_2', 'monster-golem2.png', '{"frameWidth":47,"frameHeight":50}'),
	(7, 5, 'spritesheet', 'healer_1', 'healer-1.png', '{"frameWidth":52,"frameHeight":71}'),
	(8, 3, 'spritesheet', 'enemy_forest_2', 'monster-golem2.png', '{"frameWidth":47,"frameHeight":50}'),
	(9, 10, 'spritesheet', 'merchant_1', 'people-d-x2.png', '{"frameWidth":52,"frameHeight":71}'),
	(10, 12, 'spritesheet', 'weapons_master_1', 'people-c-x2.png', '{"frameWidth":52,"frameHeight":71}'),
	(11, 13, 'spritesheet', 'quest_npc_1', 'people-quest-npc.png', '{"frameWidth":52,"frameHeight":71}'),
    (12, 14, 'spritesheet', 'enemy_forest_1', 'monster-treant.png', '{"frameWidth":47,"frameHeight":50}'),
    (13, 15, 'spritesheet', 'enemy_forest_2', 'monster-golem2.png', '{"frameWidth":47,"frameHeight":50}');

REPLACE INTO `objects_items_inventory` (`id`, `owner_id`, `item_id`, `qty`, `remaining_uses`, `is_active`) VALUES
	(2, 10, 4, -1, -1, 0),
	(3, 10, 5, -1, -1, 0),
	(5, 10, 3, -1, 1, 0),
	(6, 10, 6, -1, 1, 0);

REPLACE INTO `objects_items_requirements` (`id`, `object_id`, `item_key`, `required_item_key`, `required_quantity`, `auto_remove_requirement`) VALUES
	(1, 10, 'axe', 'coins', 5, 1),
	(2, 10, 'spear', 'coins', 2, 1),
	(3, 10, 'heal_potion_20', 'coins', 2, 1),
	(5, 10, 'magic_potion_20', 'coins', 2, 1);

REPLACE INTO `objects_items_rewards` (`id`, `object_id`, `item_key`, `reward_item_key`, `reward_quantity`, `reward_item_is_required`) VALUES
	(1, 10, 'axe', 'coins', 2, 0),
	(2, 10, 'spear', 'coins', 1, 0),
	(3, 10, 'heal_potion_20', 'coins', 1, 0),
	(5, 10, 'magic_potion_20', 'coins', 1, 0);

REPLACE INTO `drops_animations` (`id`, `item_id`, `asset_type`, `asset_key`, `file`, `extra_params`) VALUES
    (1, 1, NULL, 'coins', 'coins.png', '{"start":0,"end":0,"repeat":-1,"frameWidth":32, "frameHeight":32,"depthByPlayer":"above"}'),
	(2, 2, NULL, 'branch', 'branch.png', '{"start":0,"end":2,"repeat":-1,"frameWidth":32, "frameHeight":32,"depthByPlayer":"above"}'),
    (3, 3, NULL, 'heal-potion-20', 'heal-potion-20.png', '{"start":0,"end":0,"repeat":-1,"frameWidth":32, "frameHeight":32,"depthByPlayer":"above"}'),
	(4, 4, NULL, 'axe', 'axe.png', '{"start":0,"end":0,"repeat":-1,"frameWidth":32, "frameHeight":32,"depthByPlayer":"above"}'),
    (5, 5, NULL, 'spear', 'spear.png', '{"start":0,"end":0,"repeat":-1,"frameWidth":32, "frameHeight":32,"depthByPlayer":"above"}'),
    (6, 6, NULL, 'magic-potion-20', 'magic-potion-20.png', '{"start":0,"end":0,"repeat":-1,"frameWidth":32, "frameHeight":32,"depthByPlayer":"above"}');

REPLACE INTO `objects_skills` (`id`, `object_id`, `skill_id`, `target_id`) VALUES
	(1, 6, 1, 2);

REPLACE INTO `objects_stats` (`id`, `object_id`, `stat_id`, `base_value`, `value`) VALUES
	(1, 2, 1, 50, 50),
    (2, 2, 2, 50, 50),
    (3, 2, 3, 50, 50),
    (4, 2, 4, 50, 50),
    (5, 2, 5, 50, 50),
    (6, 2, 6, 50, 50),
    (7, 2, 7, 50, 50),
    (8, 2, 8, 50, 50),
    (9, 2, 9, 50, 50),
    (10, 2, 10, 50, 50),
    (11, 3, 1, 50, 50),
    (12, 3, 2, 50, 50),
    (13, 3, 3, 50, 50),
    (14, 3, 4, 50, 50),
    (15, 3, 5, 50, 50),
    (16, 3, 6, 50, 50),
    (17, 3, 7, 50, 50),
    (18, 3, 8, 50, 50),
    (19, 3, 9, 50, 50),
    (20, 3, 10, 50, 50),
    (21, 6, 1, 50, 50),
    (22, 6, 2, 50, 50),
    (23, 6, 3, 50, 50),
    (24, 6, 4, 50, 50),
    (25, 6, 5, 50, 50),
    (26, 6, 6, 50, 50),
    (27, 6, 7, 50, 50),
    (28, 6, 8, 50, 50),
    (29, 6, 9, 50, 50),
    (30, 6, 10, 50, 50),
    (31, 7, 1, 50, 50),
    (32, 7, 2, 50, 50),
    (33, 7, 3, 50, 50),
    (34, 7, 4, 50, 50),
    (35, 7, 5, 50, 50),
    (36, 7, 6, 50, 50),
    (37, 7, 7, 50, 50),
    (38, 7, 8, 50, 50),
    (39, 7, 9, 50, 50),
    (40, 7, 10, 50, 50),
    (41, 14, 1, 50, 50),
    (42, 14, 2, 50, 50),
    (43, 14, 3, 50, 50),
    (44, 14, 4, 50, 50),
    (45, 14, 5, 50, 50),
    (46, 14, 6, 50, 50),
    (47, 14, 7, 50, 50),
    (48, 14, 8, 50, 50),
    (49, 14, 9, 50, 50),
    (50, 14, 10, 50, 50),
    (51, 15, 1, 50, 50),
    (52, 15, 2, 50, 50),
    (53, 15, 3, 50, 50),
    (54, 15, 4, 50, 50),
    (55, 15, 5, 50, 50),
    (56, 15, 6, 50, 50),
    (57, 15, 7, 50, 50),
    (58, 15, 8, 50, 50),
    (59, 15, 9, 50, 50),
    (60, 15, 10, 50, 50);

REPLACE INTO `players` (`id`, `user_id`, `name`, `created_at`) VALUES
	(1, 1, 'ImRoot', '2022-03-17 19:57:50');

REPLACE INTO `players_state` (`id`, `player_id`, `room_id`, `x`, `y`, `dir`) VALUES
	(1, 1, 5, 332, 288, 'down');

REPLACE INTO `players_stats` (`id`, `player_id`, `stat_id`, `base_value`, `value`) VALUES
	(1, 1, 1, 280, 81),
	(2, 1, 2, 280, 85),
	(3, 1, 3, 280, 400),
	(4, 1, 4, 280, 280),
	(5, 1, 5, 100, 100),
	(6, 1, 6, 100, 100),
	(7, 1, 7, 100, 100),
	(8, 1, 8, 100, 100),
	(9, 1, 9, 100, 100),
	(10, 1, 10, 100, 100);

REPLACE INTO `respawn` (`id`, `object_id`, `respawn_time`, `instances_limit`, `layer`) VALUES
    (1, 2, 20000, 10, 'respawn-area-monsters-lvl-1-2'),
    (2, 3, 10000, 20, 'respawn-area-monsters-lvl-1-2'),
	(3, 6, 20000, 2, 'respawn-area-monsters-lvl-1-2'),
	(4, 7, 10000, 3, 'respawn-area-monsters-lvl-1-2'),
    (5, 14, 20000, 100, 'ground-respawn-area'),
    (6, 15, 10000, 200, 'ground-respawn-area');

REPLACE INTO `rewards` (`id`, `object_id`, `item_id`, `modifier_id`, `experience`, `drop_rate`, `drop_quantity`, `is_unique`, `was_given`, `has_drop_body`) VALUES
	(1, 2, 2, NULL, 10, 100, 3, 0, 0, 1),
	(2, 3, 2, NULL, 10, 100, 1, 0, 0, 1),
	(3, 6, 2, NULL, 10, 100, 3, 0, 0, 1),
	(4, 7, 2, NULL, 10, 100, 1, 0, 0, 1),
	(5, 14, 2, NULL, 10, 100, 3, 0, 0, 1),
	(6, 15, 2, NULL, 10, 100, 1, 0, 0, 1);

REPLACE INTO `rewards_events` (`id`, `label`, `description`, `handler_key`, `event_key`, `event_data`, `position`, `enabled`, `active_from`, `active_to`) VALUES
    (1, 'rewards.dailyLogin', 'rewards.dailyDescription', 'login', 'reldens.joinRoomEnd', '{"action":"dailyLogin","items":{"coins":1}}', 0, 1, NULL, NULL),
    (2, 'rewards.straightDaysLogin', 'rewards.straightDaysDescription', 'login', 'reldens.joinRoomEnd', '{"action":"straightDaysLogin","days":2,"items":{"coins":10}}', 0, 1, NULL, NULL);

REPLACE INTO `rooms` (`id`, `name`, `title`, `map_filename`, `scene_images`, `room_class_key`, `customData`) VALUES
	(2, 'reldens-house-1', 'House - 1', 'reldens-house-1.json', 'reldens-house-1.png', NULL, '{"allowGuest":true}'),
	(3, 'reldens-house-2', 'House - 2', 'reldens-house-2.json', 'reldens-house-2.png', NULL, '{"allowGuest":true}'),
	(4, 'reldens-town', 'Town', 'reldens-town.json', 'reldens-town.png', NULL, '{"allowGuest":true}'),
	(5, 'reldens-forest', 'Forest', 'reldens-forest.json', 'reldens-forest.png', NULL, '{"allowGuest":true}'),
	(6, 'reldens-house-1-2d-floor', 'House - 1 - Floor 2', 'reldens-house-1-2d-floor.json', 'reldens-house-1-2d-floor.png', NULL, NULL),
	(7, 'reldens-gravity', 'Gravity World!', 'reldens-gravity.json', 'reldens-gravity.png', NULL, '{"allowGuest":true,"gravity":[0,625],"applyGravity":true,"allowPassWallsFromBelow":true,"timeStep":0.012,"type":"TOP_DOWN_WITH_GRAVITY","useFixedWorldStep":false,"maxSubSteps":2,"movementSpeed":160,"usePathFinder":false}'),
    (8, 'reldens-bots', 'Bots Test', 'reldens-bots.json', 'reldens-forest.png', NULL, '{"allowGuest":true}'),
    (9, 'reldens-bots-forest', 'Bots Forest', 'reldens-bots-forest.json', 'reldens-bots-forest.png', NULL, '{"allowGuest":true,"joinInRandomPlace":true,"joinInRandomPlaceGuestAlways":true}'),
    (10, 'reldens-bots-forest-house-01-n0', 'Bots Forest - House 1-0', 'reldens-bots-forest-house-01-n0.json', 'reldens-bots-forest-house-01-n0.png', NULL, '{"allowGuest":true}');

REPLACE INTO `rooms_change_points` (`id`, `room_id`, `tile_index`, `next_room_id`) VALUES
	(1, 2, 816, 4),
	(2, 2, 817, 4),
	(3, 3, 778, 4),
	(4, 3, 779, 4),
	(5, 4, 444, 2),
	(6, 4, 951, 3),
	(7, 4, 18, 5),
	(8, 4, 19, 5),
	(9, 5, 1315, 4),
	(10, 5, 1316, 4),
	(11, 2, 623, 6),
	(12, 2, 663, 6),
	(13, 6, 624, 2),
	(14, 6, 664, 2),
	(15, 7, 540, 3),
	(16, 3, 500, 7),
	(17, 3, 780, 4),
    (18, 9, 20349, 10),
    (19, 10, 381, 9),
    (20, 10, 382, 9);

REPLACE INTO `rooms_return_points` (`id`, `room_id`, `direction`, `x`, `y`, `is_default`, `from_room_id`) VALUES
	(1, 2, 'up', 548, 615, 1, 4),
	(2, 3, 'up', 640, 600, 1, 4),
	(3, 4, 'down', 400, 345, 1, 2),
	(4, 4, 'down', 1266, 670, 0, 3),
	(5, 5, 'up', 640, 768, 0, 4),
	(6, 8, 'up', 640, 768, 0, 4),
	(7, 4, 'down', 615, 64, 0, 5),
	(9, 6, 'right', 820, 500, 0, 2),
	(11, 2, 'left', 720, 540, 0, 6),
	(12, 7, 'left', 340, 600, 0, NULL),
	(13, 3, 'down', 660, 520, 0, 7),
	(14, 9, 'down', 4500, 985, 1, NULL),
    (15, 9, 'down', 1600, 4544, 0, 10),
    (16, 10, 'up', 64, 544, 1, 9);

REPLACE INTO `skills_class_level_up_animations` (`id`, `class_path_id`, `level_id`, `animationData`) VALUES
	(1, NULL, NULL, '{"enabled":true,"type":"spritesheet","img":"heal_cast","frameWidth":64,"frameHeight":70,"start":0,"end":3,"repeat":-1,"destroyTime":2000,"depthByPlayer":"above"}');

REPLACE INTO `skills_class_path_level_labels` (`id`, `class_path_id`, `level_id`, `label`) VALUES
	(1, 1, 3, 'Old Traveler'),
	(2, 2, 7, 'Fire Master'),
	(3, 3, 11, 'Magus'),
	(4, 4, 15, 'Blade Master'),
	(5, 5, 19, 'Palading');

REPLACE INTO `skills_class_path_level_skills` (`id`, `class_path_id`, `level_id`, `skill_id`) VALUES
	(1, 1, 1, 2),
	(2, 1, 3, 1),
	(3, 1, 4, 3),
	(4, 1, 4, 4),
	(5, 2, 5, 1),
	(6, 2, 7, 3),
	(7, 2, 8, 4),
	(8, 3, 9, 1),
	(9, 3, 11, 3),
	(10, 3, 12, 2),
	(11, 4, 13, 2),
	(12, 4, 15, 4),
	(13, 5, 17, 2),
	(14, 5, 19, 1),
	(15, 5, 20, 4);

REPLACE INTO `skills_levels_set` (`id`, `autoFillRanges`, `autoFillExperienceMultiplier`) VALUES
	(1, 1, NULL),
	(2, 1, NULL),
	(3, 1, NULL),
	(4, 1, NULL),
	(5, 1, NULL);

REPLACE INTO `skills_owners_class_path` (`id`, `class_path_id`, `owner_id`, `currentLevel`, `currentExp`) VALUES
	(1, 1, 1, 10, 9080);

REPLACE INTO `skills_skill_attack` (`id`, `skill_id`, `affectedProperty`, `allowEffectBelowZero`, `hitDamage`, `applyDirectDamage`, `attackProperties`, `defenseProperties`, `aimProperties`, `dodgeProperties`, `dodgeFullEnabled`, `dodgeOverAimSuccess`, `damageAffected`, `criticalAffected`) VALUES
	(1, 1, 'stats/hp', 0, 3, 0, 'stats/atk,stats/speed', 'stats/def,stats/speed', 'stats/aim', 'stats/dodge', 0, 1, 0, 0),
	(2, 2, 'stats/hp', 0, 5, 0, 'stats/atk,stats/speed', 'stats/def,stats/speed', 'stats/aim', 'stats/dodge', 0, 1, 0, 0),
	(3, 3, 'stats/hp', 0, 7, 0, 'stats/mgk-atk,stats/speed', 'stats/mgk-def,stats/speed', 'stats/aim', 'stats/dodge', 0, 1, 0, 0);

REPLACE INTO `skills_skill_physical_data` (`id`, `skill_id`, `magnitude`, `objectWidth`, `objectHeight`, `validateTargetOnHit`) VALUES
	(1, 1, 350, 5, 5, 0),
	(2, 3, 550, 5, 5, 0);

REPLACE INTO `target_options` (`id`, `target_key`, `target_label`) VALUES
	(1, 'object', 'Object'),
	(2, 'player', 'Player');

REPLACE INTO `users_locale` (`id`, `locale_id`, `user_id`) VALUES
	(1, 1, 1);

--


--
